 = -p**2 - 2*p - 2. Let z(d) = -22*d**2 + 10*d + 9. Let m(i) = 4*o(i) + z(i). Give m(s).
-27
Let k(t) = -2*t - 5. Let n be 3/(-9)*(1 - -14). Let f be k(n). Let j(o) be the first derivative of -o**4/4 + 4*o**3/3 + 7*o**2/2 - 5*o + 760. Determine j(f).
5
Suppose 404*w - 400*w - 3*s = 0, -2*w = s + 10. Let c(z) = z**3 + 2*z**2 + 9. Determine c(w).
0
Let n(f) = 96*f - 73. Let d(p) = 326*p - 217. Let w(j) = 2*d(j) - 7*n(j). What is w(4)?
-3
Let s = -3743 + 3751. Let r(a) = -11*a**2 + 92*a - 10. Give r(s).
22
Let y(j) = -j**3 + 98*j - 5*j**2 - 9*j**2 - 24 - 59*j + 80*j + 4. Let r be y(-20). Let u(g) = g + 13. Calculate u(r).
13
Let r(w) be the first derivative of -1/2*w**2 + 1/6*w**3 - 13 + 1/60*w**5 + 0*w + 0*w**4. Let f(h) be the second derivative of r(h). Calculate f(3).
10
Let p(i) = 2*i - 20. Let r(l) = -21*l + 124. Let v(w) = 5*p(w) + r(w). Calculate v(3).
-9
Let w(g) = 39 + 625247*g**2 + 17*g + 17*g - g**3 - 625237*g**2 - 14*g. Give w(12).
-9
Let r(w) = 2253*w - 748*w - 751*w - 29 - 750*w. Calculate r(6).
-5
Let s(r) = r + 1. Suppose 0 = 7*c - 2 + 2. Suppose c = 4*y - 5*y + 9. Suppose 4*h - y*h + 35 = 0. Give s(h).
8
Let y(g) = -149*g + 71*g + 1827 + 77*g - 1845. Determine y(-24).
6
Let r(x) = -1526*x**2 - 7*x + 511*x**2 + 508*x**2 + 8 + 498*x**2. Give r(1).
-8
Let y(u) = u**3 + 14*u**2 + 35*u + 25. Let p(t) = 91*t - 1467. Let z be p(16). What is y(z)?
3
Let c(l) = 5*l + 1. Let o(a) = -3*a - 1. Let g(x) = -6*c(x) - 11*o(x). Let m(w) = w**2 + 139*w + 3029. Let p be m(-27). Determine g(p).
20
Suppose 20 = -4*o, -3*t - 10*o + 15*o + 37 = 0. Let w(q) = q**2 - 2*q + 4. Calculate w(t).
12
Suppose q + 3*n = 6 + 4, -2*q - 4*n = -16. Let d(f) = -2*f**3 + 6*f**2 + 9*f - 2. Give d(q).
2
Let f = 67 + -67. Suppose 4*h - 3*h + 5 = f. Let a(c) = 1. Let k(m) = m + 1. Let u(w) = -6*a(w) - k(w). Calculate u(h).
-2
Let q(b) be the first derivative of b**2/2 + 26*b + 2507. Give q(0).
26
Let h(o) = 9*o + 25. Suppose -48*d - 642 = -546. Let j(b) = -b - 21. Let t(q) = 11. Let w(l) = -3*j(l) - 5*t(l). Let y(m) = d*h(m) + 7*w(m). What is y(-9)?
-21
Let h(q) = -15*q - 6. Let m(z) = -4*z - 3. Let u(a) = 2*h(a) - 7*m(a). Give u(8).
-7
Let i(l) = -3*l**2 + 153*l - l**3 - 18 - 351*l - 3*l**2 + 156*l - 17*l**2. Give i(-21).
-18
Let p(f) = -f**2 - 7*f - 3. Let k = 118 - 110. Let w be 5*(k/(-60))/(2/(-6)). Suppose -3*z + 4*u = u + 33, z - 4 = -w*u. Determine p(z).
3
Suppose 0 = -3*o - 4*y + 21, -5*o + y + y = -61. Let h = -47 + 59. Let b(f) = 5*f - 1 - 2 + h*f**2 + 1 - o*f**2. Calculate b(-6).
4
Let b(d) = 12*d - 108. Let l(a) = 5*a - 48. Let j(v) = 4*b(v) - 9*l(v). Let q be 0 - (-7)/(14/4). Determine j(q).
6
Let s(a) = a**2 - 59*a - 1. Let i be s(50). Let r = 445 + i. Let k(d) be the third derivative of -d**5/60 - d**4/4 - d**3 - d**2. What is k(r)?
-6
Let n(m) = 56*m - 5315. Let w be n(95). Let s(g) = g**2 - 9*g - 7. What is s(w)?
-27
Let f(u) = -82*u**2 - u - 1. Let l(n) = 3*n**3 - 127*n**2 - 81*n - 216. Let k be l(43). Give f(k).
-82
Let t(v) = v**3 + 3*v**2 - 10*v + 18. Let y be t(3). Let d be (24/10)/(y/280). Let m(i) = -i + 23. Give m(d).
7
Let k(r) = r**2 + 6*r + 9. Let f(p) = 8*p - 10. Let x be f(-2). Let d be x/3*18/(-12). Suppose -d = -3*l - 5*n - 6, 3*n - 39 = 4*l. Calculate k(l).
9
Let p be 77/(-21) - (-14)/21. Let s(w) = -14*w - 36. Determine s(p).
6
Let l(u) = -u**3 + u**2 + 11*u - 1. Let o(z) = 2*z**3 - z**2 - 8*z. Let k(n) = l(n) + o(n). Suppose -1 = m - 3*p, m - 4*p - 4 = -3*m. Determine k(m).
13
Let k(p) be the third derivative of p**4/4 + 53*p**3/6 - 1543*p**2. Give k(-9).
-1
Let i(j) be the third derivative of 13*j**4/24 - 7*j**3/3 + 841*j**2 + 1. Give i(-2).
-40
Suppose 342*w = 332*w + 40. Let z(i) = -i**2 + 2*i - 19. Give z(w).
-27
Let j(l) = -l**3 - 10*l**2 + 14*l - 9. Let w(v) = -14*v**2 - 6*v + 9. Let q be w(1). What is j(q)?
-42
Let k(s) = 8*s + 3. Let j be k(-2). Let h(d) = -d - 9. Let u be h(j). Let p(r) = -r + 3*r - 2 + 3 - 7. Determine p(u).
2
Let d(i) be the first derivative of -i + 15 + 1/2*i**2. Calculate d(-5).
-6
Let m(p) = 14 + 5 + p - p**2 - 19. Let n(c) = 2*c**2 + 6*c + 6. Let g(r) = -m(r) - n(r). Let q be -5 - (16/4 - 2). Calculate g(q).
-6
Let a(w) = -3*w - 84. Let y(t) = 13*t + 385. Let r(m) = -9*a(m) - 2*y(m). Suppose -2*b + b + 7 = 0. Give r(b).
-7
Let m(s) = -2*s**2 + s + 1. Let g be (6/(-18))/(15/90). Calculate m(g).
-9
Let k = 4 - 3. Let x(n) be the first derivative of -n - 3*n**2 + 4 - 13 + n**2 - 22 - 17. What is x(k)?
-5
Let j(q) = -q**2 - 49*q - 566. Let l = -31058 - -31039. What is j(l)?
4
Suppose -3*l + 135 = -2*n, -91 + 26 = n - l. Let j = n - -85. Let c = j - 27. Let y(s) = 7*s + 1. Give y(c).
-13
Let c be (-4)/7 + 2*51/(-42). Let m(s) = -s**3 - 8*s**2 - 4*s + 6. Let y(o) = 1 + o + o**3 - 5 + 7*o**2 - 1 + 2*o. Let k(i) = -5*m(i) - 6*y(i). Calculate k(c).
3
Suppose -111*w = 143 - 301 - 175. Let y(h) be the first derivative of 44 + 4*h**2 + 6*h + 1/3*h**w. What is y(-7)?
-1
Suppose 4*f - 47 = -5*u, u + 4 = f - 1. Let d(m) = -11*m + 27. What is d(f)?
-61
Let b(c) = c**2 + 41*c + 117. Let m = -3708 + 3705. Give b(m).
3
Let q(n) be the second derivative of 206*n - 11/6*n**3 + 0 + 0*n**2. What is q(1)?
-11
Let v(w) be the third derivative of -w**5/60 - w**4/24 + w**3/6 - 3169*w**2 + w + 2. Suppose 3 = 4*o - 1. What is v(o)?
-1
Let t be (6/4)/((-12)/(-16)). Let y(m) = -4*m**2 - 3*m + 2 - m**3 - 4*m - 3*m**t. Suppose 4*b = 4*j + 3 - 7, 0 = -4*b - 28. Calculate y(j).
8
Let u be 0 - 2 - (-16)/2. Let j(h) be the first derivative of h**4/24 - 2*h**3/3 + h**2 - 3*h + 23. Let m(l) be the second derivative of j(l). Calculate m(u).
2
Let i(y) = 2*y**2 + 18*y - 17. Let h(l) = -l**2 - 15*l - 24. Let g be h(-14). Determine i(g).
3
Let o = -10 + 15. Let h(c) = -58*c**2 + 78*c - 21. Let n(u) = -41*u**2 + 55*u - 15. Let b(v) = 12*h(v) - 17*n(v). Give b(o).
33
Let n(i) = i**2 + 18*i + 36. Let f be n(-16). Let y(v) be the second derivative of 14*v + 1/2*v**2 + 0 + v**3 - 1/12*v**f. Determine y(4).
9
Suppose -4*f + 2*q = -7 - 1, -5*q = -f + 2. Suppose -4*a + m = 7, -f = -3*a + m - 7. Let o(j) = 7*j + 7. Give o(a).
-7
Let p(s) = -1 - 9*s + 6 + 8*s + 0*s. Let u(g) = -2*g**2 + g**2 - 32 - 154*g + 0*g**2 + 142*g. Let k be u(-9). Give p(k).
10
Let u be ((-8 - -365)/(-17))/(-3). Let q(a) = -8*a**3 + 13*a**2 + a - 2. Let f(v) = 7*v**3 - 12*v**2 - 2*v + 2. Let o(p) = 7*f(p) + 6*q(p). What is o(u)?
-5
Let v = -92 - -95. Let o(i) = i**2 + 5*i + 4. Let q(h) = -h**2 - 2*h - 2. Let g(j) = v*o(j) + 5*q(j). Suppose 0 = 16*n - 15*n - 4. Calculate g(n).
-10
Let j(b) = -3*b**3 + 162*b**2 + 155*b**2 - 317*b**2 - 11*b**3 + b. What is j(-1)?
13
Suppose -13 = 175*j - 65*j + 207. Let l(z) = 2*z**3 + 3. What is l(j)?
-13
Let v(k) = 603*k + 625*k - 1230*k - 7. Suppose -5*a + 34 = -2*y, 2*a - 5*y - 34 = -2*a. Calculate v(a).
-19
Suppose 3*z - 255 = -108. Let x(q) = 45 - q + 10 - z. Determine x(-12).
18
Let h = 37487 - 37486. Let c(j) be the third derivative of -j**2 - 7/60*j**5 + 0 + 0*j**4 + 0*j + 0*j**3. Determine c(h).
-7
Let i(w) = w**3 + 33*w**2 + 64*w + 55. Let x(r) = r**2 - 68*r + 500. Let l be x(59). Give i(l).
-7
Suppose 0 = 14*h - 19*h + 260. Suppose 87 = 5*n + 2*m, 2*n = 4*m + h + 2. Suppose 6 + n = 5*x. Let z(v) = -v**2 + 7. Determine z(x).
-18
Let w(p) be the third derivative of p**5/60 + 7*p**4/24 + 5*p**3/6 + 12*p**2 + 46. Calculate w(-6).
-1
Let d be 22/10 - 4/(-5). Let t(s) = -6*s**2 - 8 + 1 - 5*s - s**d + 7*s**2 + 5*s**2. Give t(5).
-7
Suppose -d + 9 = 3. Let q(w) be the second derivative of w**4/24 - 5*w**3/6 - 11*w**2/2 + 4*w + 12. Let f(l) be the first derivative of q(l). What is f(d)?
1
Let d(j) = -8*j - 93*j**2 - 13 - 91*j**2 - j**3 + 192*j**2. What is d(6)?
11
Suppose -5*z + 1 + 13 = s, 3*s = 3*z + 6. Let n(q) = -3 - s*q + 8 - 6 + 3*q + 2*q**3 + 3*q + 4*q**2. Let g = 5 + -7. Give n(g).
-5
Suppose -a + 4*a = 268 - 214. Let n(l) = -3*l**2 + 54*l. Give n(a).
0
Let i(f) = 7*f**2 + 0 + 2 + 1 - 5. Let m be i(1). Let j = -7 + m. Let n(c) = -3*c**2 - 2*c - 2. Give n(j).
-10
Let s(k) = -2*k**2 - 2. Suppose 0 = 26*q - 11*q. Suppose -5*j + j + 2*p - 16 = q, -20 = 2*j - 4*p. Determine s(j).
-10
Let w = 937 - 935. Let s(f) = 17*f**2 - 6*f. What is s(w)?
56
Let n be (46/40 + 53/212)/(2/10). Let c(h) = -h**3 + 8*h**2 + 2*h - 2. Calculate c(n).
61
Let h(c) =